d 3375.
27
Calculate the highest common divisor of 304640 and 435472.
272
What is the greatest common divisor of 10581 and 45219667?
3527
Calculate the greatest common divisor of 11468446 and 5621.
803
What is the greatest common divisor of 9630965 and 15?
5
What is the highest common factor of 339948 and 113544?
684
What is the highest common factor of 495 and 35255?
55
Calculate the highest common factor of 52 and 9378468.
4
What is the greatest common divisor of 6190 and 446570?
10
What is the highest common factor of 100648 and 27993272?
4376
What is the highest common factor of 25289 and 64863623?
1331
Calculate the highest common factor of 657889154 and 10504.
2626
Calculate the greatest common factor of 4864 and 1865914.
38
Calculate the highest common factor of 248775 and 2245395.
1605
What is the highest common factor of 2 and 44023852?
2
What is the greatest common factor of 15 and 3812295?
15
What is the greatest common factor of 5175 and 3835800?
225
What is the greatest common divisor of 573762 and 450?
6
Calculate the greatest common factor of 112463436 and 24.
12
What is the highest common divisor of 3 and 223021446?
3
Calculate the greatest common divisor of 729 and 209457009.
729
What is the greatest common factor of 44603 and 16876067?
949
Calculate the greatest common divisor of 6972 and 6488940.
996
What is the highest common factor of 38505 and 3732435?
255
What is the greatest common divisor of 671 and 19359692?
671
Calculate the highest common divisor of 680 and 507763276.
68
Calculate the greatest common divisor of 2491 and 592402147.
2491
Calculate the greatest common divisor of 1572164 and 19536.
44
Calculate the highest common factor of 84 and 18092823.
21
What is the greatest common factor of 186120457 and 379?
379
What is the highest common factor of 2568433 and 3381?
1127
Calculate the greatest common factor of 194035140 and 312.
156
Calculate the greatest common divisor of 37131522 and 460.
46
What is the greatest common divisor of 62355840 and 282?
282
What is the greatest common divisor of 324 and 612621792?
324
What is the highest common factor of 50496 and 7317186?
1578
What is the highest common divisor of 243263088 and 20493?
1863
What is the highest common divisor of 495 and 98559135?
45
Calculate the highest common divisor of 17507 and 4432870.
61
Calculate the highest common divisor of 695996 and 29748.
268
What is the greatest common factor of 7748028 and 216?
108
Calculate the greatest common divisor of 397254 and 83616.
78
What is the greatest common divisor of 5103 and 1288686?
21
Calculate the highest common factor of 54224001 and 234.
117
What is the greatest common divisor of 66598466 and 175274?
5654
Calculate the greatest common factor of 53976 and 127231.
13
What is the greatest common divisor of 8296290 and 1620?
270
What is the highest common divisor of 515760 and 660?
60
What is the greatest common divisor of 14395620 and 180900?
4020
What is the greatest common factor of 3644 and 139417618?
1822
Calculate the greatest common divisor of 13024 and 695579280.
6512
What is the highest common divisor of 11741949 and 492?
123
Calculate the highest common factor of 1520 and 144427740.
380
Calculate the greatest common factor of 772330 and 18551.
13
What is the highest common divisor of 19920 and 208745?
415
What is the greatest common divisor of 77490234 and 18?
18
What is the highest common divisor of 1758 and 36955797?
879
What is the highest common divisor of 936 and 12696840?
936
Calculate the greatest common divisor of 78058 and 26846.
62
Calculate the highest common divisor of 7460 and 313450550.
3730
Calculate the highest common divisor of 3739506 and 162.
6
What is the greatest common divisor of 30915 and 1482165?
135
Calculate the highest common divisor of 2826440 and 360.
40
What is the highest common factor of 8849775 and 75?
75
Calculate the greatest common divisor of 588 and 49354809.
147
Calculate the highest common divisor of 12 and 1832933.
1
Calculate the highest common factor of 81621 and 99.
9
What is the highest common factor of 50 and 35485175?
25
What is the greatest common factor of 116032 and 57568?
224
Calculate the highest common factor of 3154 and 1743166.
166
Calculate the highest common divisor of 25054794 and 90.
18
Calculate the highest common divisor of 376002 and 402.
6
Calculate the highest common factor of 5121 and 1541492694.
5121
What is the highest common divisor of 2832921 and 638820?
2457
What is the highest common divisor of 31 and 225509810?
31
What is the greatest common factor of 446 and 2825705921?
223
Calculate the greatest common divisor of 65991020 and 480.
20
Calculate the greatest common divisor of 2000570 and 176.
22
What is the greatest common factor of 13346793 and 852?
213
What is the highest common factor of 5417919 and 3141?
9
Calculate the greatest common factor of 71105013 and 54.
27
Calculate the greatest common factor of 2484 and 35305713.
621
Calculate the greatest common factor of 491674347 and 108.
27
Calculate the highest common factor of 2676 and 42290166.
1338
Calculate the greatest common divisor of 43710006 and 30.
6
What is the greatest common divisor of 893 and 63137?
19
Calculate the highest common divisor of 895 and 5415824.
179
Calculate the highest common divisor of 28684 and 1829812.
284
What is the greatest common divisor of 72 and 16732344?
24
What is the highest common factor of 8313 and 984353414?
2771
Calculate the highest common factor of 5017 and 7266.
173
Calculate the greatest common factor of 17397 and 219.
3
Calculate the highest common divisor of 8464 and 410136.
184
What is the highest common divisor of 440 and 302589080?
40
What is the highest common factor of 1015 and 43372700?
35
Calculate the greatest common divisor of 5 and 40764330.
5
What is the highest common divisor of 685419312 and 166?
166
Calculate the highest common divisor of 52447 and 3043.
179
What is the highest common divisor of 322387330 and 10?
10
Calculate the highest common divisor of 74260 and 128296.
316
What is the highest common divisor of 2214537 and 156?
39
Calculate the greatest common factor of 10260 and 14593140.
3420
What is the greatest common divisor of 231 and 489835269?
231
What is the highest common factor of 683703 and 17208?
9
What is the greatest common factor of 2 and 1040846?
2
Calculate the greatest common factor of 3813 and 491697789.
3813
Calculate the highest common divisor of 40704 and 21578496.
768
Calculate the greatest common factor of 1727613734 and 10102.
10102
What is the highest common divisor of 1652 and 87900442?
826
What is the highest common factor of 326439488 and 129?
43
Calculate the greatest common divisor of 18 and 2459254446.
18
Calculate the greatest common factor of 81236627 and 87.
29
What is the greatest common divisor of 67455 and 422140885?
7495
Calculate the highest common factor of 848674 and 16946.
458
Calculate the highest common factor of 418 and 1226555.
11
Calculate the greatest common factor of 13040 and 661454.
326
What is the greatest common divisor of 5456 and 367824424?
2728
Calculate the highest common divisor of 182300 and 150.
50
Calculate the greatest common divisor of 45978262 and 671.
671
What is the highest common factor of 1309 and 120756559?
1309
Calculate the greatest common factor of 104 and 311889994.
26
Calculate the highest common factor of 27 and 34176633.
3
Calculate the highest common divisor of 22 and 65330881.
11
What is the highest common divisor of 5005 and 78838045?
715
Calculate the highest common divisor of 973 and 64900073.
973
Calculate the highest common factor of 385744 and 254.
2
What is the greatest common divisor of 24616 and 171768?
136
What is the highest common factor of 23415084 and 49?
7
Calculate the highest common factor of 1134 and 23706270.
1134
What is the highest common factor of 14 and 19186874?
14
What is the greatest common divisor of 105807 and 247?
13
What is the highest common factor of 1640 and 29377115?
205
Calculate the greatest common divisor of 324684092 and 8072.
4036
Calculate the highest common divisor of 1570403 and 204889.
619
What is the highest common factor of 454 and 17886?
2
What is the highest common factor of 67